5
What is the remainder when 1087 is divided by (4/(-7))/((-428)/37450)?
37
Let j be ((-6)/5)/((-12)/40). Suppose -4*y + 461 = -y + i, -2*y + j*i + 298 = 0. Let m(z) = 15*z - 1. What is the remainder when y is divided by m(1)?
13
Suppose -7122*f + 7136*f = 5068. What is the remainder when f is divided by 36?
2
Suppose 48 = 5*n + 8. Let x(r) = 14*r**2 - 3*r - 6. Calculate the remainder when x(-1) is divided by n.
3
Suppose -4*o - n + 17 = 0, 2*o + n = -8 + 15. What is the remainder when 14/4*(15 - 13) is divided by o?
2
What is the remainder when 1122 is divided by ((-184)/138*8/4)/((-4)/42)?
2
Calculate the remainder when 5481 is divided by (((-154)/4)/(-11))/((-43)/(-344)).
21
Let u = -1195 + 1200. Suppose -3*b + 72 = -4*j, 5*b - 2*j - 25 = 81. What is the remainder when b is divided by u?
0
Suppose 3785 = -22*x + 9219. Calculate the remainder when x is divided by 66.
49
Let s = 97 - 45. Calculate the remainder when (4 - s)*(-2)/4 is divided by (-13)/(-3) - (-6)/9.
4
Calculate the remainder when 611 is divided by (3*-2)/((-105)/30*(-3)/(-217)).
115
Let i(j) = -4*j - 12. Suppose 0 = -19*w + 18*w + 12. Let q be i(w). Let m = -49 - q. Calculate the remainder when m is divided by 2.
1
Let l = 223 - 433. Let n = l + 245. What is the remainder when n is divided by 19?
16
Let a(g) = -2*g**3 + 18*g**2 - 14*g + 3. Suppose 671*s - 662*s - 1008 = 0. What is the remainder when s is divided by a(8)?
17
Suppose 0 = -18*s + 905 + 5179. Suppose 16*a = -10*a + s. Suppose -3*i - 7 = -4*i. What is the remainder when a is divided by i?
6
Let c be (0/(-4*3/6))/(-1). Suppose -3*p - 4 + 19 = c. Suppose p*g = 15 + 5. Calculate the remainder when 16 is divided by g.
0
Let i = 1013 - 868. Suppose -296 = -21*j + i. What is the remainder when 70 is divided by j?
7
Let s = 24 + -752. Let h = s - -733. Let i(o) = 22*o**2 - o. What is the remainder when i(-1) is divided by h?
3
Suppose 0 = 5*p + 40, p = -c + 32 + 54. What is the remainder when 282 is divided by c?
0
Suppose 4*q + 47632 = 4*k, k - 11896 = 630*q - 632*q. Calculate the remainder when k is divided by 27.
24
Let h(t) = 2*t**3 - 4*t**2 + 6*t + 18. What is the remainder when h(4) is divided by 68?
38
Let h = 578 + -575. Suppose h*m - 61 - 476 = 0. Calculate the remainder when m is divided by 7.
4
Let g(i) = 3*i - 18. Calculate the remainder when 10 - (2560/(-16) - -15) is divided by g(13).
8
Suppose 0 = j - 3*j + 156. Calculate the remainder when j is divided by (44/44)/((4/(-44))/((-22)/11)).
12
Let m(u) = 40*u - 1340. What is the remainder when m(44) is divided by 51?
12
Suppose 5*u + 0*u - 4*c = -1595, 0 = 3*u - 5*c + 970. Let h = 377 + u. What is the remainder when h is divided by 23?
16
Let h = -92 + 172. Let u = -163 + h. Let b = u + 88. Calculate the remainder when 32 is divided by b.
2
Let s(f) be the second derivative of -f**4/6 + 37*f**3/6 - 20*f**2 + 4*f - 3. What is the remainder when 283 is divided by s(17)?
8
Let o(g) = 7*g + 4. Let s(x) = -8*x - 3. Let w(j) = 6*o(j) + 5*s(j). Let k be w(-4). Let y = 17 - k. What is the remainder when 58 is divided by y?
10
Suppose 16 = b + 4*m, -b = 3*m - 6*m - 16. Suppose 0 = -4*u - 3*j + b, -3*u + 6 + 19 = -j. Suppose 3*o - 180 = -o. What is the remainder when o is divided by u?
3
Let u = -6149 - -6289. What is the remainder when u is divided by 139?
1
Let t(c) = -2*c + 14. Let b be t(-9). Suppose -16*r = -12*r - b. Suppose -158 = r*h - 1046. Calculate the remainder when h is divided by 28.
27
Let c(x) = -24*x + 72. Let s be c(12). Let o = -150 - s. What is the remainder when o is divided by 23?
20
Let m(b) = -52*b - 398. Let r be m(-28). Suppose -13*c + 8*c = -u - 2639, 0 = 2*c - u - r. What is the remainder when c is divided by 106?
103
Suppose -98*d = -14331 - 40157. Calculate the remainder when d is divided by 9.
7
Let f(v) = -v**3 + 8*v**2 - 12*v - 2. Let l be f(6). Let n = 4 + l. What is the remainder when n/11 - (-482)/11 is divided by 15?
14
Suppose 6*j - 19 = 11. Suppose -p = 7 + j. What is the remainder when 95 is divided by 8/p*(-25 - -1)?
15
Let o(m) = -8*m + 796. What is the remainder when o(69) is divided by 52?
36
Let u = -10948 - -11086. What is the remainder when u is divided by 49?
40
Suppose -1916*k + 325 = -956*k - 955*k. Calculate the remainder when 1743 is divided by k.
53
Let k be ((-39)/(-15) + -1)*(-5)/(-2). Suppose -4*y = -k, y = 3*c - 59 + 24. Calculate the remainder when 57 is divided by c.
9
Suppose 0 = 3*v + h - 644, -4*h + 18 + 204 = v. What is the remainder when v is divided by 56?
46
Suppose -31*a + 2 = -32*a, 0 = o - 5*a - 303. What is the remainder when o is divided by 151?
142
Let a = -113 - -115. Suppose 0*q - 2*q = g + 6, 2*q - g = a. What is the remainder when (1 + -3 - q)*-65 is divided by 23?
19
Let a = 41661 + -40082. What is the remainder when a is divided by 48?
43
Suppose -3*s + 295 = -3*z + z, 4*s = 3*z + 395. Suppose -13*x + 8*x + s = -5*t, 0 = 4*t - 12. What is the remainder when x is divided by 13?
9
Let i = 162 + -150. Suppose -2*b + 4*c + 24 = 0, 5*b - 7*c - 45 = -i*c. Calculate the remainder when b is divided by 7.
3
Suppose 0 = -2*w - 2*n - 5 + 37, -3*w = 4*n - 49. Suppose 4*g - 1408 = 3*u, -4*u = u - 20. Calculate the remainder when g is divided by w.
10
Suppose 2*s - 2*i - 32 = 0, 387*s + 92 = 392*s - 3*i. Suppose -2*g = 3*g + 30. Let y(n) = n**2 + 6*n + 2. What is the remainder when s is divided by y(g)?
0
What is the remainder when 236 is divided by 1 - (-47 - 9) - -14?
23
Suppose 4270 = 33*p - 3056. Suppose -33*r = -39*r + p. Calculate the remainder when 220 is divided by r.
35
Let a = -46 - -56. Let x(p) = -2*p**3 + 24*p**2 + 5*p - 14. Calculate the remainder when x(12) is divided by a.
6
Let a = -15214 + 15486. What is the remainder when a is divided by 129?
14
Suppose -4*o = 2428*y - 2429*y - 234, -4*y = 5*o - 324. Calculate the remainder when 298 is divided by o.
58
Suppose -2*d + 2*y = 160, 104 = -d + 5*y + 8. Let a = 164 + d. Let s(b) = 2*b + 3. What is the remainder when a is divided by s(6)?
13
Calculate the remainder when 181 is divided by (-109)/(-7 - (-84)/14).
72
Suppose -2*v - t = -0*v - 1182, -4*t - 1182 = -2*v. Let f = -579 + v. What is the remainder when 95 - (4/1)/2 is divided by f?
9
Let l = -207 + 212. Let a(d) = d**2 - 32*d + 158. What is the remainder when a(l) is divided by 1*7*(2 - 0)?
9
Suppose m - 4*m = h - 1036, 4*m = -8. Calculate the remainder when h is divided by 29.
27
Let g(f) = 3*f**2 + 13*f - 71. Let l be g(9). Suppose 16*q - 255 = l. Suppose 0 = j + 3*j - 404. Calculate the remainder when j is divided by q.
33
Suppose -2*v - 72 = -3*o, -3*o + 5*v + 12 = -69. What is the remainder when 589 is divided by o?
17
Suppose 10 = r - 3. Suppose -12 = 13*n - 38. Suppose -3*k + 236 = -k + 2*b, n*b - 464 = -4*k. What is the remainder when k is divided by r?
10
Let i(z) be the third derivative of -7*z**4/12 - 13*z**3/2 - 3*z**2 + 40. Suppose 0*n + 198 = 2*n. What is the remainder when n is divided by i(-4)?
14
Let n = -312 - -327. Let j be ((-2)/(-4))/((-2)/(-56)). Suppose 18*u - 236 = j*u. Calculate the remainder when u is divided by n.
14
Let x be 228*(-2132)/13*(-2)/(-8). Calculate the remainder when (5 + -2)/(-6 - x/1556) is divided by 49.
46
Suppose 3*p - 2*n - 46 = 0, 70 - 53 = p + n. What is the remainder when 841 is divided by p?
9
Suppose -324 = 4*a - 308, -5*h - 5*a + 100 = 0. What is the remainder when 4583 is divided by h?
23
Let b(u) = -5*u**2 - 12*u + 12. Let s be b(-3). Suppose 4*y + 5*z - 59 = 0, 7*y - 29 = s*y + 5*z. What is the remainder when 52 is divided by y?
8
Suppose -23*g = -8*g - 1905. Let f = -109 + g. Calculate the remainder when f is divided by 5.
3
Let z = -10020 + 10039. Calculate the remainder when 235 is divided by z.
7
Let h = 1791 + -1725. Calculate the remainder when 659 is divided by h.
65
Let h = 1477 + -1447. What is the remainder when 327 is divided by h?
27
Let c(w) = -w. Let j(d) = -12*d - 3. Let a = -81 - -39. Let x(u) = a*c(u) - 2*j(u). What is the remainder when x(1) is divided by 25?
22
Suppose 7935*w - 7949*w + 2954 = 0. What is the remainder when w is divided by 101?
9
Let y = -1153 + 1672. Let p = 1301 - y. What is the remainder when 2 + p/5 + (-15)/(-25) is divided by 27?
24
Let c(g) be the first derivative of -g**3/3 - 13*g**2/2 - 